{"id":22,"date":"2023-12-14T11:06:35","date_gmt":"2023-12-14T11:06:35","guid":{"rendered":"https:\/\/optimizalia.net\/empresas\/?page_id=22"},"modified":"2026-01-27T14:10:07","modified_gmt":"2026-01-27T14:10:07","slug":"aviso-legal","status":"publish","type":"page","link":"https:\/\/optimizalia.net\/empresas\/aviso-legal\/","title":{"rendered":"Aviso legal"},"content":{"rendered":"\t\t<div data-elementor-type=\"wp-page\" data-elementor-id=\"22\" class=\"elementor elementor-22\" data-elementor-post-type=\"page\">\n\t\t\t\t<div class=\"elementor-element elementor-element-9bc3ed5 e-flex e-con-boxed e-con e-parent\" data-id=\"9bc3ed5\" data-element_type=\"container\">\n\t\t\t\t\t<div class=\"e-con-inner\">\n\t\t\t\t<div class=\"elementor-element elementor-element-1ed34dc elementor-widget elementor-widget-heading\" data-id=\"1ed34dc\" data-element_type=\"widget\" data-widget_type=\"heading.default\">\n\t\t\t\t<div class=\"elementor-widget-container\">\n\t\t\t\t\t<h1 class=\"elementor-heading-title elementor-size-default\">Aviso legal<\/h1>\t\t\t\t<\/div>\n\t\t\t\t<\/div>\n\t\t\t\t<div class=\"elementor-element elementor-element-b23e0e6 elementor-widget elementor-widget-text-editor\" data-id=\"b23e0e6\" data-element_type=\"widget\" data-widget_type=\"text-editor.default\">\n\t\t\t\t<div class=\"elementor-widget-container\">\n\t\t\t\t\t\t\t\t\t<p>Con el fin de dar cumplimiento al art\u00edculo 10 de la Ley 34\/2002 de Servicios de la Sociedad de la Informaci\u00f3n y del Comercio Electr\u00f3nico, informamos a los usuarios de esta web de nuestros datos:<\/p><ul><li><strong>Identidad:<\/strong> MarketSkills Formaci\u00f2n (Optimizalia)<\/li><li><strong>NIF:<\/strong> B-23773674<\/li><li><strong>Direcci\u00f3n postal:<\/strong> C\/del Roble, 199. 23005 Ja\u00e9n (Ja\u00e9n).<\/li><li><strong>Correo electr\u00f3nico:<\/strong> direccion@optimizalia.net<\/li><li><strong>Web.<\/strong>\u00a0<a href=\"https:\/\/optimizalia.net\/\">https:\/\/optimizalia.net\/<\/a><\/li><\/ul><p>\u00a0<\/p><p><strong>1.- OBJETO<\/strong><\/p><p><strong>OPTIMIZALIA SL.\u00a0<\/strong>(en adelante tambi\u00e9n el prestador), como responsable del sitio web, pone a disposici\u00f3n de los usuarios el presente documento que regula el uso del sitio web, con el que pretendemos dar cumplimiento a las obligaciones que dispone la Ley 34\/2002, de Servicios de la Sociedad de la Informaci\u00f3n y del Comercio Electr\u00f3nico (LSSICE o LSSI), as\u00ed como informar a todos los usuarios del sitio web respecto de cu\u00e1les son las condiciones de uso del mismo.<\/p><p>A trav\u00e9s de esta web,\u00a0<strong>OPTIMIZALIA S.L.\u00a0<\/strong>facilita a los usuarios el acceso y utilizaci\u00f3n de diferentes servicios y contenidos.<\/p><p>Toda persona que acceda a esta web asume el papel de usuario (en adelante \u201cel usuario\u201d), e implica la aceptaci\u00f3n total y sin reservas de todas y cada una de las disposiciones incluidas en este aviso legal, as\u00ed como de cualesquiera otras disposiciones legales que fueran de aplicaci\u00f3n.<\/p><p>Como usuarios, tienen que leer atentamente este Aviso Legal en cualquiera de las ocasiones que entren en la web, pues \u00e9ste puede sufrir modificaciones. El prestador se reserva el derecho a modificar cualquier tipo de informaci\u00f3n que pudiera aparecer en la web, sin que exista la obligaci\u00f3n de preavisar a los usuarios de ello, siendo suficiente la publicaci\u00f3n en el sitio web del prestador.<\/p>\t\t\t\t\t\t\t\t<\/div>\n\t\t\t\t<\/div>\n\t\t\t\t<div class=\"elementor-element elementor-element-13c4cfd elementor-widget elementor-widget-text-editor\" data-id=\"13c4cfd\" data-element_type=\"widget\" data-widget_type=\"text-editor.default\">\n\t\t\t\t<div class=\"elementor-widget-container\">\n\t\t\t\t\t\t\t\t\t<p><strong>2.- CONDICIONES DE ACCESO Y USO DE LA WEB.<\/strong><\/p><p class=\"nitro-offscreen\"><strong>2.1. Car\u00e1cter gratuito del acceso y uso de la web.<\/strong><\/p><p class=\"nitro-offscreen\">La prestaci\u00f3n de los servicios ofrecidos por parte de\u00a0<strong>OPTIMIZALIA S.L.\u00a0<\/strong>en esta web tiene car\u00e1cter gratuito para todos los usuarios.<\/p><p class=\"nitro-offscreen\"><strong>2.2. Registro de Usuario.<\/strong><\/p><p class=\"nitro-offscreen\">Con car\u00e1cter general, la prestaci\u00f3n de los servicios no exige la previa suscripci\u00f3n o registro de los usuarios. Aun as\u00ed,\u00a0<strong>OPTIMIZALIA S.L.\u00a0<\/strong>condiciona el uso de algunos de los servicios a la previa complementaci\u00f3n del correspondiente registro de usuario. Este registro se efectuar\u00e1 en la forma expresamente indicada en la propia secci\u00f3n del servicio.<\/p><p class=\"nitro-offscreen\"><strong>2.3. Veracidad de la informaci\u00f3n.<\/strong><\/p><p class=\"nitro-offscreen\">Toda la informaci\u00f3n que facilita el usuario tiene que ser veraz. A estos efectos, el usuario garantiza la autenticidad de los datos comunicados a trav\u00e9s de los formularios para la suscripci\u00f3n de los servicios. Ser\u00e1 responsabilidad del usuario mantener toda la informaci\u00f3n facilitada a\u00a0<strong>OPTIMIZALIA S.L.\u00a0<\/strong>permanentemente actualizada de forma que responda, en cada momento, a su situaci\u00f3n real. En todo caso, el usuario ser\u00e1 el \u00fanico responsable de las manifestaciones falsas o inexactas que realice y de los perjuicios que cause al prestador o a terceros.<\/p><p class=\"nitro-offscreen\"><strong>2.4. Menores de edad.<\/strong><\/p><p class=\"nitro-offscreen\">Para el uso de los servicios, los menores de edad tienen que obtener siempre previamente el consentimiento de los padres, tutores o representantes legales, responsables \u00faltimos de todos los actos realizados por los menores a su cargo. La responsabilidad en la determinaci\u00f3n de contenidos concretos a los cuales acceden los menores corresponde a aqu\u00e9llos, por eso, para evitar que accedan a contenidos no apropiados por Internet, se recomienda establecer en sus ordenadores mecanismos, en particular programas inform\u00e1ticos, filtros y bloqueos, que permitan limitar los contenidos disponibles. A pesar de que no sean infalibles, son de especial utilidad para controlar y restringir los materiales a los que pueden acceder los menores.<\/p><p class=\"nitro-offscreen\"><strong>2.5. Obligaci\u00f3n de hacer un uso correcto de la Web.<\/strong><\/p><p class=\"nitro-offscreen\">El Usuario se compromete a utilizar la web de conformidad a la Ley y al presente Aviso Legal, as\u00ed como a la moral y a buenas costumbres. A tal efecto, el usuario se abstendr\u00e1 de utilizar la p\u00e1gina con finalidades il\u00edcitas o prohibidas, lesivas de derechos e intereses de terceros, o que de cualquier forma puedan da\u00f1ar, inutilizar, sobrecargar, deteriorar o impedir la normal utilizaci\u00f3n de equipos inform\u00e1ticos o documentos, archivos y toda clase de contenidos almacenados en cualquier equipo inform\u00e1tico del prestador.<\/p><p class=\"nitro-offscreen\">En particular, y a t\u00edtulo indicativo, pero no exhaustivo, el usuario se compromete a no transmitir, difundir o poner a disposici\u00f3n de terceros, informaciones, datos, contenidos, mensajes, gr\u00e1ficos, dibujos, archivos de sonido o imagen, fotograf\u00edas, grabaciones, software y, en general, cualquier clase de material que:<\/p><p class=\"nitro-offscreen\">(a) sea contraria, desprecie o atente contra los derechos fundamentales y las libertades p\u00fablicas reconocidas constitucionalmente, en tratados internacionales y otras normas vigentes;<\/p><p class=\"nitro-offscreen\">(b) induzca, incite o promueva actuaciones delictivas, denigrantes, difamatorias, violentas o, en general, contrarias a la ley, a la moral y al orden p\u00fablico;<\/p><p class=\"nitro-offscreen\">(c) induzca, incite o promueva actuaciones, actitudes o pensamientos discriminatorios por raz\u00f3n de sexo, raza, religi\u00f3n, creencias, edad o condici\u00f3n;<\/p><p class=\"nitro-offscreen\">(d) sea contrario al derecho al honor, a la intimidad personal o familiar o a la propia imagen de las personas;<\/p><p class=\"nitro-offscreen\">(e) de cualquier manera perjudique la credibilidad del prestador o de terceros; y<\/p><p class=\"nitro-offscreen\">(f) constituya publicidad il\u00edcita, enga\u00f1osa o desleal.<\/p>\t\t\t\t\t\t\t\t<\/div>\n\t\t\t\t<\/div>\n\t\t\t\t<div class=\"elementor-element elementor-element-a5f27a4 elementor-widget elementor-widget-text-editor\" data-id=\"a5f27a4\" data-element_type=\"widget\" data-widget_type=\"text-editor.default\">\n\t\t\t\t<div class=\"elementor-widget-container\">\n\t\t\t\t\t\t\t\t\t<p data-path-to-node=\"4,0\"><b data-path-to-node=\"4,0\" data-index-in-node=\"0\">3.- EXENCI\u00d3N DE RESPONSABILIDAD<\/b><\/p><p data-path-to-node=\"4,1\">La empresa no asume responsabilidad alguna derivada de la informaci\u00f3n mostrada en el sitio web si esta ha sido alterada por personas ajenas a la organizaci\u00f3n.<\/p><p data-path-to-node=\"4,2\">Aunque se han tomado medidas para asegurar el funcionamiento de la web, no es posible garantizar la ausencia total de fallos t\u00e9cnicos, cortes de servicio o causas externas que dificulten el acceso.<\/p><p data-path-to-node=\"4,3\">OPTIMIZALIA S.L. no se hace responsable de los posibles perjuicios derivados de la falta de disponibilidad del portal, ni de la presencia de software da\u00f1ino u otros elementos inform\u00e1ticos nocivos. Tampoco se asume responsabilidad por el uso indebido o contrario a este aviso legal, ni por la fiabilidad de los servicios externos que puedan estar enlazados.<\/p><p data-path-to-node=\"4,4\">El usuario ser\u00e1 responsable de los da\u00f1os causados por el uso incorrecto de este sitio web.<\/p>\t\t\t\t\t\t\t\t<\/div>\n\t\t\t\t<\/div>\n\t\t\t\t<div class=\"elementor-element elementor-element-b947e7a elementor-widget elementor-widget-text-editor\" data-id=\"b947e7a\" data-element_type=\"widget\" data-widget_type=\"text-editor.default\">\n\t\t\t\t<div class=\"elementor-widget-container\">\n\t\t\t\t\t\t\t\t\t<p class=\"nitro-offscreen\"><strong>4.- COOKIES<\/strong><\/p><p class=\"nitro-offscreen\">El sitio web del prestador puede utilizar cookies (peque\u00f1os archivos de informaci\u00f3n que el servidor env\u00eda al ordenador de quien accede en la p\u00e1gina) para llevar a cabo determinadas funciones que son consideradas imprescindibles para el correcto funcionamiento y visualizaci\u00f3n del lugar. Las cookies utilizadas tienen, en todo caso, car\u00e1cter temporal, con la \u00fanica finalidad de hacer m\u00e1s eficaz la navegaci\u00f3n, y desaparecen al acabar la sesi\u00f3n del usuario.<\/p><p class=\"nitro-offscreen\">En ning\u00fan caso se utilizar\u00e1n las cookies para recoger informaci\u00f3n de car\u00e1cter personal. Para m\u00e1s informaci\u00f3n, ver nuestra\u00a0<a href=\"https:\/\/andaluciasolar.es\/politica-de-cookies\/\">Pol\u00edtica de Cookies<\/a>\u00a0.<\/p>\t\t\t\t\t\t\t\t<\/div>\n\t\t\t\t<\/div>\n\t\t\t\t<div class=\"elementor-element elementor-element-646809c elementor-widget elementor-widget-text-editor\" data-id=\"646809c\" data-element_type=\"widget\" data-widget_type=\"text-editor.default\">\n\t\t\t\t<div class=\"elementor-widget-container\">\n\t\t\t\t\t\t\t\t\t<p class=\"nitro-offscreen\"><strong>5.- ENLACES (LINKS)<\/strong><\/p><p class=\"nitro-offscreen\">Desde el sitio web es posible que se redirija a contenidos de webs de terceros. Dado que desde esta web no podemos controlar siempre los contenidos introducidos por terceros,\u00a0<strong>OPTIMIZALIA S.L.\u00a0<\/strong>no asume ning\u00fan tipo de responsabilidad respecto a estos contenidos. En todo caso, el prestador manifiesta que proceder\u00e1 a la retirada inmediata de cualquier contenido que pudiera contravenir la legislaci\u00f3n nacional o internacional, la moral o el orden p\u00fablico, procediendo a la retirada inmediata de la redirecci\u00f3n a estas webs y poniendo en conocimiento de las autoridades competentes el contenido en cuesti\u00f3n.<\/p><p class=\"nitro-offscreen\">El prestador no se responsabiliza de la informaci\u00f3n y contenidos almacenados, a t\u00edtulo enunciativo, pero no limitante, en foros, chats, generadores de blogs, comentarios, redes sociales o cualquiera otro medio que permita a terceros publicar contenidos de forma independiente a la p\u00e1gina web del prestador. Sin embargo y en cumplimiento de lo que disponen los art. 11 y 16 de la LSSICE, el prestador se pone a disposici\u00f3n de todos los usuarios, autoridades y fuerzas de seguridad, y colaborar\u00e1 de forma activa en la retirada o, cuando sea necesario, el bloqueo de todos aquellos contenidos que puedan afectar o contravenir la legislaci\u00f3n nacional, internacional, derechos de terceros o la moral y el orden p\u00fablico. En caso de que el usuario considere que puede existir alg\u00fan contenido que pudiera ser susceptible de esta clasificaci\u00f3n, se ruega lo notifique de forma inmediata al administrador del sitio web.<\/p>\t\t\t\t\t\t\t\t<\/div>\n\t\t\t\t<\/div>\n\t\t\t\t<div class=\"elementor-element elementor-element-22e41d7 elementor-widget elementor-widget-text-editor\" data-id=\"22e41d7\" data-element_type=\"widget\" data-widget_type=\"text-editor.default\">\n\t\t\t\t<div class=\"elementor-widget-container\">\n\t\t\t\t\t\t\t\t\t<p class=\"nitro-offscreen\"><strong>6.- PROTECCI\u00d3N DE DATOS PERSONALES<\/strong><\/p><p class=\"nitro-offscreen\">El prestador est\u00e1 profundamente comprometido con el cumplimiento de la normativa de protecci\u00f3n de datos personales y garantiza el cumplimiento \u00edntegro de las obligaciones dispuestas, as\u00ed como la implementaci\u00f3n de las medidas de seguridad dispuestas al Reglamento Europeo de Protecci\u00f3n de Datos y la normativa espa\u00f1ola en materia de protecci\u00f3n de datos. Para m\u00e1s informaci\u00f3n, ver nuestra\u00a0<a href=\"https:\/\/andaluciasolar.es\/politica-privacidad\/\">Pol\u00edtica de Privacidad<\/a><\/p>\t\t\t\t\t\t\t\t<\/div>\n\t\t\t\t<\/div>\n\t\t\t\t<div class=\"elementor-element elementor-element-6303b60 elementor-widget elementor-widget-text-editor\" data-id=\"6303b60\" data-element_type=\"widget\" data-widget_type=\"text-editor.default\">\n\t\t\t\t<div class=\"elementor-widget-container\">\n\t\t\t\t\t\t\t\t\t<p class=\"nitro-offscreen\"><strong>7.- REDES SOCIALES<\/strong><\/p><p class=\"nitro-offscreen\">Le informamos que\u00a0<strong>OPTIMIZALIA S.L.\u00a0<\/strong>puede estar presente en redes sociales. El tratamiento de los datos que los usuarios incluyan en las mismas (haci\u00e9ndose seguidores del prestador en las redes sociales y\/o realizando cualquier v\u00ednculo o acci\u00f3n de conexi\u00f3n a trav\u00e9s de \u00e9stas) se regir\u00e1 por este apartado, as\u00ed como por las condiciones de uso, pol\u00edticas de privacidad y normativas de acceso y uso de las redes sociales en cuesti\u00f3n y aceptadas previamente por el usuario.\u00a0<strong>OPTIMIZALIA S.L.\u00a0<\/strong>Tratar\u00e1 sus datos con el fin de informarle de las actividades, productos o servicios del prestador a trav\u00e9s de estas redes sociales, as\u00ed como para cualquier otra finalidad que las normativas de las redes sociales permitan, pero no se har\u00e1 responsable de sus pol\u00edticas de privacidad.<\/p><p class=\"nitro-offscreen\">Queda prohibida la publicaci\u00f3n de contenidos:<\/p><p class=\"nitro-offscreen\">\u2013 Que sean presuntamente il\u00edcitos por la normativa nacional, comunitaria o internacional o que realicen actividades presuntamente il\u00edcitas o contravengan los principios de la buena fe.<\/p><p class=\"nitro-offscreen\">\u2013 Que atenten contra los derechos fundamentales de las personas, falten a la cortes\u00eda en la red, molesten o puedan generar opiniones negativas en nuestros usuarios o terceros y en general cualesquiera sean los contenidos que\u00a0<strong>OPTIMIZALIA S.L.\u00a0<\/strong>considere no apropiados.<\/p><p class=\"nitro-offscreen\">\u2013 Y en general que contravengan los principios de legalidad, honradez, responsabilidad, protecci\u00f3n de la dignidad humana, protecci\u00f3n de menores, protecci\u00f3n del orden p\u00fablico, protecci\u00f3n de la vida privada, protecci\u00f3n del consumidor y los derechos de propiedad intelectual e industrial.<\/p><p class=\"nitro-offscreen\">Asimismo,<strong>OPTIMIZALIA\u00a0 S.L.\u00a0<\/strong>se reserva la potestad de retirar, sin previo aviso del sitio web o de la red social corporativa aquellos contenidos que se consideren no apropiados.<\/p>\t\t\t\t\t\t\t\t<\/div>\n\t\t\t\t<\/div>\n\t\t\t\t<div class=\"elementor-element elementor-element-f6ab427 elementor-widget elementor-widget-text-editor\" data-id=\"f6ab427\" data-element_type=\"widget\" data-widget_type=\"text-editor.default\">\n\t\t\t\t<div class=\"elementor-widget-container\">\n\t\t\t\t\t\t\t\t\t<p class=\"nitro-offscreen\"><strong>8.- PROPIEDAD INTELECTUAL E INDUSTRIAL<\/strong><\/p><p class=\"nitro-offscreen\">El sitio web, incluyendo a t\u00edtulo enunciativo, pero no limitativo, la programaci\u00f3n, edici\u00f3n, compilaci\u00f3n y otros elementos necesarios para su funcionamiento, los dise\u00f1os, logotipos, textos, fotograf\u00edas y\/o gr\u00e1ficos son propiedad del prestador o, en caso de que fuera necesario, dispone de la licencia o autorizaci\u00f3n expresa por parte de los autores. Todos los contenidos del sitio web se encuentran debidamente protegidos por la normativa sobre propiedad intelectual e industrial.<\/p><p class=\"nitro-offscreen\">Independientemente de la finalidad para la que fueran destinados, la reproducci\u00f3n total o parcial, uso, distribuci\u00f3n y comunicaci\u00f3n p\u00fablica de cualquier parte de esta web requieren de la autorizaci\u00f3n escrita previa por parte del prestador. Cualquier uso no autorizado previamente por parte del prestador ser\u00e1 considerado un incumplimiento grave de los derechos de propiedad intelectual o industrial del autor.<\/p><p class=\"nitro-offscreen\">Los dise\u00f1os, logotipos, textos y\/o gr\u00e1ficos ajenos al prestador y que puedan aparecer en el sitio web, pertenecen a sus respectivos propietarios, siendo ellos los responsables de cualquier posible controversia que pudiera acontecer respecto a los mismos. En todo caso, el prestador cuenta con la autorizaci\u00f3n expresa y previa por parte de los propietarios para su publicaci\u00f3n.<\/p><p class=\"nitro-offscreen\">El prestador reconoce a favor de sus titulares los correspondientes derechos de propiedad industrial e intelectual, no implicando la menci\u00f3n o aparici\u00f3n en el sitio web, la existencia de derechos o ninguna responsabilidad del prestador sobre los mismos, como tampoco respaldo, patrocinio o recomendaci\u00f3n por parte del prestador.<\/p><p class=\"nitro-offscreen\">Para realizar cualquier tipo de observaci\u00f3n respecto a posibles incumplimientos de los derechos de propiedad intelectual o industrial, as\u00ed como sobre cualquiera de los contenidos del sitio web, puede hacerlo a trav\u00e9s del correo electr\u00f3nico arriba rese\u00f1ado.<\/p>\t\t\t\t\t\t\t\t<\/div>\n\t\t\t\t<\/div>\n\t\t\t\t<div class=\"elementor-element elementor-element-713e2b6 elementor-widget elementor-widget-text-editor\" data-id=\"713e2b6\" data-element_type=\"widget\" data-widget_type=\"text-editor.default\">\n\t\t\t\t<div class=\"elementor-widget-container\">\n\t\t\t\t\t\t\t\t\t<p class=\"nitro-offscreen\"><strong>9.- LEY APLICABLE Y JURISDICCI\u00d3N<\/strong><\/p><p class=\"nitro-offscreen\">Para la resoluci\u00f3n de las controversias o cuestiones relacionadas con la presente p\u00e1gina web o de las actividades en esta desarrolladas, ser\u00e1 de aplicaci\u00f3n la legislaci\u00f3n espa\u00f1ola, a la que se someten expresamente las partes, siendo competentes por la resoluci\u00f3n de todos los conflictos derivados o relacionados con su uso los Juzgados y Tribunales de Ja\u00e9n.<\/p>\t\t\t\t\t\t\t\t<\/div>\n\t\t\t\t<\/div>\n\t\t\t\t\t<\/div>\n\t\t\t\t<\/div>\n\t\t\t\t<\/div>\n\t\t","protected":false},"excerpt":{"rendered":"<p>Con el fin de dar cumplimiento al art\u00edculo 10 de la Ley 34\/2002 de Servicios de la Sociedad de la Informaci\u00f3n y del Comercio Electr\u00f3nico, informamos a los usuarios de esta web de nuestros datos: Identidad: MarketSkills Formaci\u00f2n (Optimizalia) NIF: B-23773674 Direcci\u00f3n postal: C\/del Roble, 199. 23005 Ja\u00e9n (Ja\u00e9n). Correo electr\u00f3nico: direccion@optimizalia.net Web.\u00a0https:\/\/optimizalia.net\/ \u00a0 1.- [&hellip;]<\/p>\n","protected":false},"author":1,"featured_media":0,"parent":0,"menu_order":0,"comment_status":"closed","ping_status":"closed","template":"elementor_header_footer","meta":{"footnotes":""},"class_list":["post-22","page","type-page","status-publish","hentry"],"_links":{"self":[{"href":"https:\/\/optimizalia.net\/empresas\/wp-json\/wp\/v2\/pages\/22","targetHints":{"allow":["GET"]}}],"collection":[{"href":"https:\/\/optimizalia.net\/empresas\/wp-json\/wp\/v2\/pages"}],"about":[{"href":"https:\/\/optimizalia.net\/empresas\/wp-json\/wp\/v2\/types\/page"}],"author":[{"embeddable":true,"href":"https:\/\/optimizalia.net\/empresas\/wp-json\/wp\/v2\/users\/1"}],"replies":[{"embeddable":true,"href":"https:\/\/optimizalia.net\/empresas\/wp-json\/wp\/v2\/comments?post=22"}],"version-history":[{"count":27,"href":"https:\/\/optimizalia.net\/empresas\/wp-json\/wp\/v2\/pages\/22\/revisions"}],"predecessor-version":[{"id":1253,"href":"https:\/\/optimizalia.net\/empresas\/wp-json\/wp\/v2\/pages\/22\/revisions\/1253"}],"wp:attachment":[{"href":"https:\/\/optimizalia.net\/empresas\/wp-json\/wp\/v2\/media?parent=22"}],"curies":[{"name":"wp","href":"https:\/\/api.w.org\/{rel}","templated":true}]}}